{"id":231,"date":"2025-03-06T16:46:53","date_gmt":"2025-03-06T19:46:53","guid":{"rendered":"https:\/\/oca.ufpa.br\/?page_id=231"},"modified":"2025-10-16T16:27:24","modified_gmt":"2025-10-16T19:27:24","slug":"mostra","status":"publish","type":"page","link":"https:\/\/oca.ufpa.br\/?page_id=231","title":{"rendered":"Mostra"},"content":{"rendered":"\n<div class=\"wp-block-media-text alignfull is-stacked-on-mobile is-vertically-aligned-center has-background\" style=\"background-color:#3b23d7;grid-template-columns:52% auto\"><figure class=\"wp-block-media-text__media\"><img loading=\"lazy\" decoding=\"async\" width=\"976\" height=\"647\" src=\"https:\/\/oca.ufpa.br\/wp-content\/uploads\/2025\/03\/Captura-de-Tela-2025-03-06-as-15.54.27.png\" alt=\"\" class=\"wp-image-243 size-full\" srcset=\"https:\/\/oca.ufpa.br\/wp-content\/uploads\/2025\/03\/Captura-de-Tela-2025-03-06-as-15.54.27.png 976w, https:\/\/oca.ufpa.br\/wp-content\/uploads\/2025\/03\/Captura-de-Tela-2025-03-06-as-15.54.27-300x199.png 300w, https:\/\/oca.ufpa.br\/wp-content\/uploads\/2025\/03\/Captura-de-Tela-2025-03-06-as-15.54.27-768x509.png 768w\" sizes=\"auto, (max-width: 976px) 100vw, 976px\" \/><\/figure><div class=\"wp-block-media-text__content\">\n<h2 class=\"wp-block-heading has-text-align-right has-base-2-color has-text-color\" style=\"font-size:clamp(0.929rem, 0.929rem + ((1vw - 0.2rem) * 0.785), 1.4rem);\">Grande ator, reconhecido como mestre da arte da palha\u00e7aria, Zumba foi tamb\u00e9m um incentivador do cinema universit\u00e1rio. \u00c9 um dos rostos que mais se repete nos filmes do Curso de Cinema e Audiovisual da UFPA. Emprestou o seu talento e carisma, o seu olhar sereno, doce e profundo a v\u00e1rios personagens. Deu corpo ao sonho de jovens cineastas e ajudou a lan\u00e7ar as suas carreiras. Esta mostra \u00e9 uma pequena homenagem a esse grande artista que nos deixou em 2025. Assista abaixo a quatro filmes da UFPA e conhe\u00e7a os personagens aos quais Zumba deu vida.  <\/h2>\n<\/div><\/div>\n\n\n\n<div class=\"wp-block-cover alignfull is-light has-parallax wp-duotone-111111-rgb19481242-1\" style=\"padding-top:var(--wp--preset--spacing--50);padding-right:var(--wp--preset--spacing--50);padding-bottom:var(--wp--preset--spacing--50);padding-left:var(--wp--preset--spacing--50);min-height:708px;aspect-ratio:unset;\"><span aria-hidden=\"true\" class=\"wp-block-cover__background has-base-background-color has-background-dim-0 has-background-dim\"><\/span><div class=\"wp-block-cover__image-background wp-image-233 has-parallax\" style=\"background-position:50% 50%;background-image:url(https:\/\/oca.ufpa.br\/wp-content\/uploads\/2025\/03\/WhatsApp-Image-2025-02-23-at-10.47.23.jpeg)\"><\/div><div class=\"wp-block-cover__inner-container has-global-padding is-layout-constrained wp-container-core-cover-is-layout-e4fd886c wp-block-cover-is-layout-constrained\">\n<p class=\"has-text-align-center has-base-2-color has-text-color has-link-color wp-elements-bb475ef55670f8e2f87a10786dba924c\" style=\"font-size:clamp(1.6rem, 1.6rem + ((1vw - 0.2rem) * 1.833), 2.7rem);\"><strong>Fot\u00f3grafo de Fam\u00edlia<\/strong><\/p>\n<\/div><\/div>\n\n\n\n<div class=\"wp-block-columns alignwide are-vertically-aligned-center has-base-2-color has-base-2-background-color has-text-color has-background has-link-color wp-elements-c2d17aa0d0076fff7be29d3ccd16db58 is-layout-flex wp-container-core-columns-is-layout-47c06fe3 wp-block-columns-is-layout-flex\">\n<div class=\"wp-block-column is-layout-flow wp-block-column-is-layout-flow\">\n<figure class=\"wp-block-image size-full\"><img loading=\"lazy\" decoding=\"async\" width=\"603\" height=\"860\" src=\"https:\/\/oca.ufpa.br\/wp-content\/uploads\/2025\/03\/Fotografo.png\" alt=\"\" class=\"wp-image-257\" srcset=\"https:\/\/oca.ufpa.br\/wp-content\/uploads\/2025\/03\/Fotografo.png 603w, https:\/\/oca.ufpa.br\/wp-content\/uploads\/2025\/03\/Fotografo-210x300.png 210w\" sizes=\"auto, (max-width: 603px) 100vw, 603px\" \/><\/figure>\n<\/div>\n\n\n\n<div class=\"wp-block-column is-vertically-aligned-center is-layout-flow wp-block-column-is-layout-flow\" style=\"flex-basis:50%\">\n<figure class=\"wp-block-embed is-type-video is-provider-youtube wp-block-embed-youtube wp-embed-aspect-16-9 wp-has-aspect-ratio\"><div class=\"wp-block-embed__wrapper\">\n<iframe loading=\"lazy\" title=\"Fot\u00f3grafo de Fam\u00edlia\" width=\"500\" height=\"281\" src=\"https:\/\/www.youtube.com\/embed\/5hX0t6cVeQM?feature=oembed\" frameborder=\"0\" allow=\"accelerometer; autoplay; clipboard-write; encrypted-media; gyroscope; picture-in-picture; web-share\" referrerpolicy=\"strict-origin-when-cross-origin\" allowfullscreen><\/iframe>\n<\/div><\/figure>\n\n\n\n<p class=\"has-text-align-right has-contrast-color has-text-color has-link-color wp-elements-e6c36149e3a77427676f4b31fdb3348b\" style=\"font-size:clamp(14px, 0.875rem + ((1vw - 3.2px) * 0.625), 20px);\">Zumba interpreta <strong>Castelo<\/strong>, um fot\u00f3grafo que n\u00e3o consegue se adaptar ao digital. A mudan\u00e7a da tecnologia reflete a incompreens\u00e3o do personagem sobre o seu lugar no mundo. <\/p>\n<\/div>\n<\/div>\n\n\n\n<div class=\"wp-block-cover alignfull has-parallax wp-duotone-rgb4714-rgb150202150-2\" style=\"padding-top:var(--wp--preset--spacing--50);padding-right:var(--wp--preset--spacing--50);padding-bottom:var(--wp--preset--spacing--50);padding-left:var(--wp--preset--spacing--50);min-height:100vh;aspect-ratio:unset;\"><span aria-hidden=\"true\" class=\"wp-block-cover__background has-base-background-color has-background-dim-0 has-background-dim\"><\/span><div class=\"wp-block-cover__image-background wp-image-264 has-parallax\" style=\"background-position:50% 50%;background-image:url(https:\/\/oca.ufpa.br\/wp-content\/uploads\/2025\/03\/Manoel.png)\"><\/div><div class=\"wp-block-cover__inner-container has-global-padding is-layout-constrained wp-container-core-cover-is-layout-e4fd886c wp-block-cover-is-layout-constrained\">\n<p class=\"has-text-align-center\" style=\"font-size:clamp(2.375rem, 2.375rem + ((1vw - 0.2rem) * 3.375), 4.4rem);\"><strong>Manoel <\/strong><\/p>\n\n\n\n<p class=\"has-text-align-center\" style=\"font-size:clamp(1.453rem, 1.453rem + ((1vw - 0.2rem) * 1.578), 2.4rem);\"><strong>O Porteiro Quase Aposentado<\/strong><\/p>\n<\/div><\/div>\n\n\n\n<div class=\"wp-block-columns alignwide are-vertically-aligned-center has-base-2-color has-base-2-background-color has-text-color has-background has-link-color wp-elements-d8952915597e290ff33cbd6565a2c888 is-layout-flex wp-container-core-columns-is-layout-47c06fe3 wp-block-columns-is-layout-flex\">\n<div class=\"wp-block-column is-layout-flow wp-block-column-is-layout-flow\">\n<figure class=\"wp-block-image size-full\"><img loading=\"lazy\" decoding=\"async\" width=\"1000\" height=\"1500\" src=\"https:\/\/oca.ufpa.br\/wp-content\/uploads\/2025\/03\/870889-grandpa-s-last-day-as-a-doorman-0-1000-0-1500-crop.jpeg\" alt=\"\" class=\"wp-image-266\" srcset=\"https:\/\/oca.ufpa.br\/wp-content\/uploads\/2025\/03\/870889-grandpa-s-last-day-as-a-doorman-0-1000-0-1500-crop.jpeg 1000w, https:\/\/oca.ufpa.br\/wp-content\/uploads\/2025\/03\/870889-grandpa-s-last-day-as-a-doorman-0-1000-0-1500-crop-200x300.jpeg 200w, https:\/\/oca.ufpa.br\/wp-content\/uploads\/2025\/03\/870889-grandpa-s-last-day-as-a-doorman-0-1000-0-1500-crop-683x1024.jpeg 683w, https:\/\/oca.ufpa.br\/wp-content\/uploads\/2025\/03\/870889-grandpa-s-last-day-as-a-doorman-0-1000-0-1500-crop-768x1152.jpeg 768w\" sizes=\"auto, (max-width: 1000px) 100vw, 1000px\" \/><\/figure>\n<\/div>\n\n\n\n<div class=\"wp-block-column is-vertically-aligned-center is-layout-flow wp-block-column-is-layout-flow\" style=\"flex-basis:50%\">\n<figure class=\"wp-block-embed is-type-video is-provider-youtube wp-block-embed-youtube wp-embed-aspect-16-9 wp-has-aspect-ratio\"><div class=\"wp-block-embed__wrapper\">\n<iframe loading=\"lazy\" title=\"Manoel, o Porteiro Quase Aposentado\" width=\"500\" height=\"281\" src=\"https:\/\/www.youtube.com\/embed\/9oAebO5x0gE?feature=oembed\" frameborder=\"0\" allow=\"accelerometer; autoplay; clipboard-write; encrypted-media; gyroscope; picture-in-picture; web-share\" referrerpolicy=\"strict-origin-when-cross-origin\" allowfullscreen><\/iframe>\n<\/div><\/figure>\n\n\n\n<p class=\"has-text-align-right has-contrast-color has-text-color has-link-color wp-elements-717b43b81d3730faba5eb6871224d359\" style=\"font-size:clamp(14px, 0.875rem + ((1vw - 3.2px) * 0.625), 20px);\">Zumba \u00e9 o prestativo porteiro <strong>Manoel<\/strong>, que espera ansiosamente pela aposentadoria. Seu neto, que estuda cinema, decide registrar o \u00faltimo dia de trabalho do av\u00f4 em um document\u00e1rio.<\/p>\n<\/div>\n<\/div>\n\n\n\n<div class=\"wp-block-cover alignfull is-light has-parallax wp-duotone-000808-rgb82167189-3\" style=\"padding-top:var(--wp--preset--spacing--50);padding-right:var(--wp--preset--spacing--50);padding-bottom:var(--wp--preset--spacing--50);padding-left:var(--wp--preset--spacing--50);min-height:100vh;aspect-ratio:unset;\"><span aria-hidden=\"true\" class=\"wp-block-cover__background has-base-background-color has-background-dim-0 has-background-dim\"><\/span><div class=\"wp-block-cover__image-background wp-image-258 has-parallax\" style=\"background-position:50% 50%;background-image:url(https:\/\/oca.ufpa.br\/wp-content\/uploads\/2025\/03\/WhatsApp-Image-2025-02-23-at-10.48.38-1.jpeg)\"><\/div><div class=\"wp-block-cover__inner-container has-global-padding is-layout-constrained wp-container-core-cover-is-layout-e4fd886c wp-block-cover-is-layout-constrained\">\n<p class=\"has-text-align-center has-base-2-color has-text-color has-link-color wp-elements-bc9a9f575338df122a6cc2ab52d8eaca\" style=\"font-size:clamp(2.587rem, 2.587rem + ((1vw - 0.2rem) * 3.855), 4.9rem);\"><strong>Meia Noite<\/strong><\/p>\n<\/div><\/div>\n\n\n\n<div class=\"wp-block-columns alignwide are-vertically-aligned-center has-base-2-color has-base-2-background-color has-text-color has-background has-link-color wp-elements-6938eb11368795e61822e7406c77ec87 is-layout-flex wp-container-core-columns-is-layout-47c06fe3 wp-block-columns-is-layout-flex\">\n<div class=\"wp-block-column is-layout-flow wp-block-column-is-layout-flow\">\n<figure class=\"wp-block-image size-full\"><img loading=\"lazy\" decoding=\"async\" width=\"1000\" height=\"1500\" src=\"https:\/\/oca.ufpa.br\/wp-content\/uploads\/2025\/03\/meia-noite.jpeg\" alt=\"\" class=\"wp-image-267\" srcset=\"https:\/\/oca.ufpa.br\/wp-content\/uploads\/2025\/03\/meia-noite.jpeg 1000w, https:\/\/oca.ufpa.br\/wp-content\/uploads\/2025\/03\/meia-noite-200x300.jpeg 200w, https:\/\/oca.ufpa.br\/wp-content\/uploads\/2025\/03\/meia-noite-683x1024.jpeg 683w, https:\/\/oca.ufpa.br\/wp-content\/uploads\/2025\/03\/meia-noite-768x1152.jpeg 768w\" sizes=\"auto, (max-width: 1000px) 100vw, 1000px\" \/><\/figure>\n<\/div>\n\n\n\n<div class=\"wp-block-column is-vertically-aligned-center is-layout-flow wp-block-column-is-layout-flow\" style=\"flex-basis:50%\">\n<figure class=\"wp-block-embed is-type-video is-provider-youtube wp-block-embed-youtube wp-embed-aspect-16-9 wp-has-aspect-ratio\"><div class=\"wp-block-embed__wrapper\">\n<iframe loading=\"lazy\" title=\"Meia Noite\" width=\"500\" height=\"281\" src=\"https:\/\/www.youtube.com\/embed\/XR02YdHUST4?feature=oembed\" frameborder=\"0\" allow=\"accelerometer; autoplay; clipboard-write; encrypted-media; gyroscope; picture-in-picture; web-share\" referrerpolicy=\"strict-origin-when-cross-origin\" allowfullscreen><\/iframe>\n<\/div><\/figure>\n\n\n\n<p class=\"has-text-align-right has-contrast-color has-text-color has-link-color wp-elements-2ee6472ed523fb2856091cef5824e87f\" style=\"font-size:clamp(14px, 0.875rem + ((1vw - 3.2px) * 0.625), 20px);\">Zumba \u00e9 o <strong>Fazendeiro<\/strong>. Na companhia de seu cachorro, ele testemunha um fen\u00f4meno inexplic\u00e1vel.<\/p>\n<\/div>\n<\/div>\n\n\n\n<div class=\"wp-block-cover alignfull has-parallax wp-duotone-duotone-3\" style=\"padding-top:var(--wp--preset--spacing--50);padding-right:var(--wp--preset--spacing--50);padding-bottom:var(--wp--preset--spacing--50);padding-left:var(--wp--preset--spacing--50);min-height:100vh;aspect-ratio:unset;\"><span aria-hidden=\"true\" class=\"wp-block-cover__background has-base-background-color has-background-dim-0 has-background-dim\"><\/span><div class=\"wp-block-cover__image-background wp-image-683 has-parallax\" style=\"background-position:50% 50%;background-image:url(https:\/\/oca.ufpa.br\/wp-content\/uploads\/2025\/03\/Captura-de-Tela-2025-03-22-as-12.20.49.png)\"><\/div><div class=\"wp-block-cover__inner-container has-global-padding is-layout-constrained wp-container-core-cover-is-layout-e4fd886c wp-block-cover-is-layout-constrained\">\n<p class=\"has-text-align-center\" style=\"font-size:clamp(3.35rem, 3.35rem + ((1vw - 0.2rem) * 5.75), 6.8rem);\"><strong>Ladr\u00e3o<\/strong><\/p>\n<\/div><\/div>\n\n\n\n<div class=\"wp-block-columns alignwide are-vertically-aligned-center has-base-2-color has-base-2-background-color has-text-color has-background has-link-color wp-elements-7220823cca88ed27cf53c7b6cc3a8527 is-layout-flex wp-container-core-columns-is-layout-47c06fe3 wp-block-columns-is-layout-flex\">\n<div class=\"wp-block-column is-layout-flow wp-block-column-is-layout-flow\">\n<figure class=\"wp-block-image size-full\"><img loading=\"lazy\" decoding=\"async\" width=\"500\" height=\"750\" src=\"https:\/\/oca.ufpa.br\/wp-content\/uploads\/2025\/03\/ladrao.jpeg\" alt=\"\" class=\"wp-image-268\" srcset=\"https:\/\/oca.ufpa.br\/wp-content\/uploads\/2025\/03\/ladrao.jpeg 500w, https:\/\/oca.ufpa.br\/wp-content\/uploads\/2025\/03\/ladrao-200x300.jpeg 200w\" sizes=\"auto, (max-width: 500px) 100vw, 500px\" \/><\/figure>\n<\/div>\n\n\n\n<div class=\"wp-block-column is-vertically-aligned-center is-layout-flow wp-block-column-is-layout-flow\" style=\"flex-basis:50%\">\n<figure class=\"wp-block-embed is-type-video is-provider-youtube wp-block-embed-youtube wp-embed-aspect-16-9 wp-has-aspect-ratio\"><div class=\"wp-block-embed__wrapper\">\n<iframe loading=\"lazy\" title=\"Ladr\u00e3o\" width=\"500\" height=\"281\" src=\"https:\/\/www.youtube.com\/embed\/CL0QwFLbDzI?feature=oembed\" frameborder=\"0\" allow=\"accelerometer; autoplay; clipboard-write; encrypted-media; gyroscope; picture-in-picture; web-share\" referrerpolicy=\"strict-origin-when-cross-origin\" allowfullscreen><\/iframe>\n<\/div><\/figure>\n\n\n\n<p class=\"has-text-align-right has-contrast-color has-text-color has-link-color wp-elements-6aafd8db2c1ec3f53e77d7aca2561911\" style=\"font-size:clamp(14px, 0.875rem + ((1vw - 3.2px) * 0.625), 20px);\">Em apenas duas cenas do filme, Zumba volta a interpretar um <strong>porteiro<\/strong>, dessa vez <strong>sem nome<\/strong>. Quando seu caminho cruza com o do protagonista, ele opta por n\u00e3o ajud\u00e1-lo.<\/p>\n<\/div>\n<\/div>\n\n\n\n<div class=\"wp-block-group is-vertical is-content-justification-center is-layout-flex wp-container-core-group-is-layout-838cd1cc wp-block-group-is-layout-flex\" style=\"padding-top:var(--wp--preset--spacing--40);padding-bottom:var(--wp--preset--spacing--50)\"><div class=\"is-default-size wp-block-site-logo wp-duotone-rgb5935215-rgba255255255001-4\"><a href=\"https:\/\/oca.ufpa.br\/\" class=\"custom-logo-link\" rel=\"home\"><img loading=\"lazy\" decoding=\"async\" width=\"400\" height=\"407\" src=\"https:\/\/oca.ufpa.br\/wp-content\/uploads\/2025\/03\/Logo-OCA.png\" class=\"custom-logo\" alt=\"OCA UFPA\" srcset=\"https:\/\/oca.ufpa.br\/wp-content\/uploads\/2025\/03\/Logo-OCA.png 400w, https:\/\/oca.ufpa.br\/wp-content\/uploads\/2025\/03\/Logo-OCA-295x300.png 295w\" sizes=\"auto, (max-width: 400px) 100vw, 400px\" \/><\/a><\/div>\n\n\n<p>OCA UFPA<\/p>\n\n\n\n<div class=\"wp-block-group has-global-padding is-layout-constrained wp-block-group-is-layout-constrained\">\n<p style=\"font-size:clamp(0.875rem, 0.875rem + ((1vw - 0.2rem) * 0.542), 1.2rem);\">Contato: observatoriodecinemadaufpa@gmail.com<\/p>\n<\/div>\n\n\n\n<figure class=\"wp-block-image size-large is-resized\"><img loading=\"lazy\" decoding=\"async\" width=\"1024\" height=\"194\" src=\"https:\/\/oca.ufpa.br\/wp-content\/uploads\/2025\/03\/logoss-1-1024x194.png\" alt=\"\" class=\"wp-image-139\" style=\"width:497px;height:auto\" srcset=\"https:\/\/oca.ufpa.br\/wp-content\/uploads\/2025\/03\/logoss-1-1024x194.png 1024w, https:\/\/oca.ufpa.br\/wp-content\/uploads\/2025\/03\/logoss-1-300x57.png 300w, https:\/\/oca.ufpa.br\/wp-content\/uploads\/2025\/03\/logoss-1-768x146.png 768w, https:\/\/oca.ufpa.br\/wp-content\/uploads\/2025\/03\/logoss-1.png 1404w\" sizes=\"auto, (max-width: 1024px) 100vw, 1024px\" \/><\/figure>\n\n\n\n<p class=\"has-text-align-center has-secondary-color has-text-color has-link-color has-small-font-size wp-elements-3eef97cbaa28907a6be3123f184924f9\">\n\tCriado com <a href=\"https:\/\/br.wordpress.org\" rel=\"nofollow\">WordPress<\/a>\t<\/p>\n<\/div>\n","protected":false},"excerpt":{"rendered":"<p>Grande ator, reconhecido como mestre da arte da palha\u00e7aria, Zumba foi tamb\u00e9m um incentivador do cinema universit\u00e1rio. \u00c9 um dos rostos que mais se repete nos filmes do Curso de Cinema e Audiovisual da UFPA. Emprestou o seu talento e carisma, o seu olhar sereno, doce e profundo a v\u00e1rios personagens. Deu corpo ao sonho [&hellip;]<\/p>\n","protected":false},"author":1,"featured_media":0,"parent":0,"menu_order":0,"comment_status":"closed","ping_status":"closed","template":"","meta":{"footnotes":""},"class_list":["post-231","page","type-page","status-publish","hentry"],"_links":{"self":[{"href":"https:\/\/oca.ufpa.br\/index.php?rest_route=\/wp\/v2\/pages\/231","targetHints":{"allow":["GET"]}}],"collection":[{"href":"https:\/\/oca.ufpa.br\/index.php?rest_route=\/wp\/v2\/pages"}],"about":[{"href":"https:\/\/oca.ufpa.br\/index.php?rest_route=\/wp\/v2\/types\/page"}],"author":[{"embeddable":true,"href":"https:\/\/oca.ufpa.br\/index.php?rest_route=\/wp\/v2\/users\/1"}],"replies":[{"embeddable":true,"href":"https:\/\/oca.ufpa.br\/index.php?rest_route=%2Fwp%2Fv2%2Fcomments&post=231"}],"version-history":[{"count":26,"href":"https:\/\/oca.ufpa.br\/index.php?rest_route=\/wp\/v2\/pages\/231\/revisions"}],"predecessor-version":[{"id":1003,"href":"https:\/\/oca.ufpa.br\/index.php?rest_route=\/wp\/v2\/pages\/231\/revisions\/1003"}],"wp:attachment":[{"href":"https:\/\/oca.ufpa.br\/index.php?rest_route=%2Fwp%2Fv2%2Fmedia&parent=231"}],"curies":[{"name":"wp","href":"https:\/\/api.w.org\/{rel}","templated":true}]}}